-10 - -2))).
-21
Evaluate 21 + 13 + -6 + -19 + 22.
31
What is the value of (29 - -4 - (158 - 167)) + 1 + -1?
42
Evaluate 43 + (73 + -58 - (7 + 4) - 1).
46
(2 - -48) + -69 - (1 - 69)
49
Evaluate (-38 - 0) + (2955 - 2948).
-31
(-43 + 44 - 5) + (-42 - 1 - (3 - 0))
-50
(28 + -8 + -118 - -17) + 2 + 0
-79
What is the value of -6 - (-20 - -11) - (-8 + 11) - (0 - -47)?
-47
Calculate -11 - 2 - (-5 + (39 - 23 - 16)).
-8
30 + -65 + 0 + 36
1
(-3 - -4 - -8) + 0 + 47 + 74 + -94
36
Calculate (0 - 1) + 2 - (-58 - (-88 - (62 - 124))).
33
(30 + -7 - 42) + 19 + (3 - -2)
5
Evaluate 1044 + -855 - 226 - ((-1 - -2) + -10).
-28
What is (164 - 41) + -25 - (-2 + 10)?
90
Evaluate 0 + 5 - (17 + -38) - (-309 + 319).
16
-13 - -24 - (66 + 24 + -24)
-55
What is the value of (-75 - -54 - -14 - (-1 + -20)) + -104?
-90
Evaluate -52 + -6 - -116 - 63.
-5
-37 + (-35 - (-36 + -18)) - 44
-62
Evaluate (24 - 18) + 87 + (-13 - ((-5 - -7) + -3)).
81
Calculate (-33 + -85 - -110) + 98.
90
Evaluate 96 - (183 - (154 + -65)).
2
What is the value of 154 + (-24 + 9 - -48 - 43)?
144
-18 - (67 + -39 + 30)
-76
What is the value of 621 + -584 + (0 - (-1 + -4)) + -1?
41
Calculate 54 + 37 + -118 + 42.
15
What is the value of (44 - (3 + -15)) + -50?
6
What is 10 + 75 + 0 + (2 + -8 - -29) + -28?
80
What is (9 - -47) + (-62 - -7)?
1
What is 79 - (163 + (-87 - -13))?
-10
6 - 2 - -5 - ((-42 - -1) + (50 - 43))
43
54 + -51 + -89 - -140
54
What is (-121 - -84) + (-8 - -2) + -83?
-126
What is -2132 - -2167 - (26 + -1)?
10
1 - 62 - (-5287 + 5215)
11
What is the value of 53 + (-18 - 150) + 84?
-31
Evaluate (169 + -188 - (14 + 0)) + -13 + -1.
-47
What is the value of 14 - ((8 - 3 - 21) + -57 + 20)?
67
Calculate (4 - 35 - (-774 + 641)) + -28.
74
What is -7 - ((-19 - (7 - 25)) + 26 + -3)?
-29
What is the value of 168 + -38 + 8 + (16 - 0) + -6?
148
17 + 56 + -70 - (0 + 1)
2
Evaluate -377 + 85 - -288 - ((0 - 1) + 10).
-13
(-13903 - -13835) + (7 - -1) + 0
-60
What is the value of -2 + 16 - (5 + (14 - 5)) - 94?
-94
Evaluate 169 - (206 - 8) - (21 + 0).
-50
712 + -699 - (66 + -1)
-52
What is (-143 - -238 - 111) + (1 - -41)?
26
-26 + 1 - (-113 + -324 + 284)
128
Calculate -9 + -1 + -2 - (-33 + (17 - (-3 + -8))).
-7
-44 + (15 - ((-6 - -8) + 1 + 0))
-32
Evaluate -101 + -11 + 118 + -53.
-47
(-2 - -23 - -3) + (-8 - -8) + -1 + 10
33
Calculate 2 + -5 - (7 + (-9 - 4)) - (53 + -85).
35
Evaluate -4 + 6 + 9 + (-233 - -198).
-24
What is the value of 4 - -4 - (-6 + (2 - (9 - 15)))?
6
What is -7 - (2 - (-5 + 7 + 7) - 7) - 10?
-3
-105 + (28 - (-65 + 62))
-74
(25 - (28 - -9)) + -1 + 5
-8
What is the value of -60 + (3 - 3) + (23 - 35) - (13 + -2)?
-83
What is 49 + 12 + -45 + -4?
12
Evaluate -4 - (-16 + 6) - -7 - 17 - -59.
55
Evaluate -120 - (-43 + -84) - ((1 - -2) + 11).
-7
What is 80 + 7 + -9 + 25 + -22 + -17?
64
Evaluate -93 + (88 - (-20 + 69)).
-54
Evaluate (-100 - -79) + 63 - -37.
79
Calculate 44 - ((26 - 4) + (-24 - -7)).
39
What is the value of 361 + -409 - (-10 - 3)?
-35
Evaluate 37 - 36 - (0 - 52 - 2 - (-1 + -2)).
52
What is the value of -1 + 10 - (-45 + (86 - 49) + -7)?
24
What is 23 - (50 + (15 - -31))?
-73
Calculate 90 + -46 + -5 + -65.
-26
Calculate 62 + -31 - 56 - -40.
15
What is (54 - 166) + (-8 - -1) - (-29 + 51)?
-141
Calculate 36 - (16 - (8 + (10 - 11 - -2))).
29
What is -9 - (-11 + (-5 - -2) + -10)?
15
Calculate -14 - -8 - 102 - (-5 - (22 - 7)).
-88
Calculate -6 + (1 - -29) + (-47 - -1 - -46).
24
Calculate -8 - (((-1 - 4) + -31 - 38) + (-1 - -11)).
56
What is 12 - (-120 + 111 - (-1 + -30))?
-10
Calculate (3 - -4) + (-4 - 0) + (27 - 32) - -136.
134
What is (-9 - -34) + 21 + -6 + -4 + (-1 - -10)?
45
Evaluate -25 + (-19 - (8 + -3)).
-49
3 + (3 - 0) - 6 - (7 - (23 - 30))
-14
What is (-19 + 20 + -12 - -46 - 18) + -58?
-41
(-75 + 50 - -77) + (-1 - 14)
37
Evaluate 22 + (6 + -1 - 18) + -7 - 37.
-35
Calculate (95 - (113 - 59)) + -52.
-11
What is the value of -162 + 120 - -10 - (-4 + -8)?
-20
Calculate -2 + 0 + 89 + -97 + 45 + -18.
17
Calculate 2 - -67 - (0 - -7 - (7 - (-39 - -45))).
63
Calculate -16 - ((0 - -11) + -1 + (-45 - -26) + 2).
-9
2 + (-8 - 0 - -2) + (6 - (-8 - 6))
16
What is -2 + 11 - (-2 - (-8 + 0) - -2) - -43?
44
Calculate 40 + 2 - (50 - 73).
65
What is the value of (0 - -122) + (-1 + -12 + 13 + -19 - -6)?
109
What is 28 + (0 - -20) + (990 - 1013)?
25
-120 + 141 + (5 - 5 - -24)
45
What is (1 - -20) + 5124 + -5146?
-1
-262 + 239 - (-5 + 5 - (-15 + 0))
-38
Evaluate 7 + -6 + 61 + -2 + -65.
-5
Calculate -1 + 6 + (165 - 172) - (3 + -2).
-3
What is the value of -4 - ((67 + -42 - 110) + 0 + (1 - 5))?
85
11 + (-9 - -61 - 24 - -14)
53
Calculate (-24 - 2 - ((26 - 6) + -10 + 1)) + 11.
-26
What is the value of -4 + (20 - -20) - 37?
-1
What is the value of 48 + -58 + (4 - (7 - 2)) + 11?
0
Evaluate 4 - 43 - (-58 + -61 + 92).
-12
(17 - -1) + -307 + (-165 - -354)
-100
What is the value of -111 - (100 - (57 - -88))?
-66
What is -16 + 3 + 121 + (-3 - (8 - -22))?
75
What is the value of (0 - -8) + -158 + 124 + 38?
12
What is -80 + 3 - (165 + -250)?
8
Calculate 51 + (119 - 156) + -34.
-20
What is the value of -8 + (31 - 0) + 6 + 1 + (-6 - 5)?
19
What is the value of (56 - (-2 + -1)) + (-29 - (19 - 40))?
51
(-6 - -1) + 10 + -3 + (-146 - -97)
-47
Evaluate 96 - -1 - (6246 + -6244).
95
Evaluate -19 + (21 + 23 - 42).
-17
Evaluate (4 + 0 - -22) + 12.
38
Evaluate -58 - (28 + -60 + 15 + -12).
-29
Calculate 46 - (-51 + (37 - -12)).
48
-17 + 112 + -36 - -3
62
What is -1 + 10 + -46 + 48?
11
Calculate -102 - (-73 - (3 - 21)).
-47
178 + -25 + (-2 - 57)
94
-111 + 27 - -63 - (-10 - 1)
-10
What is the value of (3 - (17 + 3)) + 2922 + -2884?
21
What is the value of -34 + 53 + -40 + -4 + -6?
-31
What is the value of 19 - ((66 - 50) + 56)?
-53
8 + 6 + -15 + -7 - (-38 - (-17 + 3))
16
(-48 + 96 - -40) + -3 + 0 + 18
103
(-344 - -341) + 4 + (1 + 3 - -5)
10
What is the value of 1 + -55 + -7 - (-248 - -240)?
-53
Calculate -8 - (-14 - (27 - 13)) - 17.
3
-9 + (-267 - -283 - (1 + 32))
-26
What is the value of (-16 - (-30 - -12 - -26)) + 16?
-8
What is the value of -45 - (40 + -31 - 80)?
26
(-1 - 0 - -5 - (1416 + -1405)) + 43
36
What is the value of -14 - 2 - (-202 + 181)?
5
What is the value of 0 - -3 - (49 + 1 - (226 + -220))?
-41
What is the value of -35 + 24 + (-5 - -25) - (-16 + 27)?
-2
What is the value of -3 + -127 + -1604 + 1665?
-69
What is the value of 207 + -255 - ((-121 - 3) + -3)?
79
What is -28 + -80 + 58 - -69?
19
What is the value of -3 + -51 + 36 - 0?
-18
(-83 - -71 - (-45 + 11)) + -22
0
Calculate (50 - 14 - 33 - -12) + -1.
14
What is the value of (3 - 5) + 0 - (-15 - (-53 + 83))?
43
What is -23 + -24 + -22 + -44?
-113
What is the value of -9 + 12 - (16 - (-4 + 0 + -4))?
-21
Evaluate 39 - ((73 - 21) + -10).
-3
What is -15662 + 15619 + (2 - -135)?
94
Evaluate 24 + -16 + (-7 - (20 + -36)) + -30.
-13
What is the value of 3994 + -3918 + (-95 - -2)?
-17
Evaluate -30 + -11 + (-16 - (-10 - -2) - -14).
-35
-476 - -452 - (10 - 73)
39
What is the value of -35 - (42 - (179 - 22)) - (11 + -1 + -2)?
72
-47 - 1 - (-1448 - -1443)
-43
Calculate 37 - (-56 + (61 - -42)).
-10
What is the value of 2 + (3 - 18) + (-68 - -81)?
0
What is 1 + -2 + -1 + 3 + -42 + (13 - 24)?
-52
Calculate -1 + -18 + (66 - (5 + 49)).
-7
What is (1 - 1 - -34) + 31 + (32 - 29) + -26?
42
What is -5 + 12 + (18 + -4 - 20) + 42?
43
164 + -178 + (5 - 1 - 3) - 0
-13
What is the value of 1 + -30 - (-28 - (-61 - -26)) - (10 + -3)?
-43
What is the value of (-63 + -35 - -159) + -29?
32
Calculate -1 - -127 - (44 + 122 + -130).
90
Calculate -2 - 1 - ((-510 - -524) + -48 + 1).
30
Evaluate 18 + 2 + (-16 - -10) + 29.
43
13 + 1 + (43 - 145 - -99)
11
Calculate 28 - 0 - (28 - (-14 - -38)) - -8.
32
Calculate 8 - ((20 - (-13 + 32)) + -12).
19
147 - (87 + -35) - 243
-148
What is 0 + -5 - -34 - ((5 - -4) + 5) - 109?
-94
-29 + 19 + (-5 - 18) + (9 - -3)
-21
Calculate -2038 + 2017 + (56 - -4) + 4.
43
What is the value of (52 - 62) + 4 + (-1 - -4) + -39?
-42
What is (-38 - -1) + (-6 - (-48 + 81)) + 25?
-51
-132 + (-15 - (15 - 4 - 43) - -4 - 7)
-118
(-120 - -16) + 23 + -11
-92
What is -152 + (-12 + -22 + (-7 - -22) - -37)?
-134
-16 + -2 + -14 + 91 + -43 - (-1 - -5)
12
What is (3 - -16) + 0 + -6 + -42 + (-6 - 2)?
-37
(2 - 4) + -29 - (-10 + -20 + 18)
-19
Evaluate (6 - 8) + -6 + 1 + 13 + -10 - -54.
50
Calculate (8 - 